e 11, what is -4 - -33026?
33022
In base 16, what is 4c74 + -7?
4c6d
In base 7, what is 3 + 265133?
265136
In base 8, what is -2 + 120452?
120450
In base 8, what is 11102 - 423?
10457
In base 11, what is -4 - -1a01?
19a8
In base 6, what is -1104 - -5242?
4134
In base 6, what is 322 + 2044?
2410
In base 2, what is 0 - -100110110100110?
100110110100110
In base 9, what is 71 - 65020?
-64838
In base 16, what is -108 + 620?
518
In base 7, what is 104 - 42315?
-42211
In base 9, what is -30 - 11507?
-11537
In base 8, what is -225220 - -22?
-225176
In base 12, what is -104 - 93?
-197
In base 5, what is 303241 - -1013?
304304
In base 11, what is -12 + 39717?
39705
In base 12, what is -440717 - 2?
-440719
In base 4, what is 11002 - -11231302?
11302310
In base 2, what is 101110011110010001 - -101?
101110011110010110
In base 6, what is 31413214 + -1?
31413213
In base 14, what is a8a + 1c2?
c6c
In base 10, what is 212 - -690?
902
In base 8, what is 1061453 - 0?
1061453
In base 2, what is -1001011110100010101 + -101?
-1001011110100011010
In base 3, what is -10 + 100102100121?
100102100111
In base 5, what is 12103142 + -3?
12103134
In base 12, what is -423 - -298?
-147
In base 15, what is 17 - b2d?
-b16
In base 6, what is -3 + -350111?
-350114
In base 15, what is -2 + -5627?
-5629
In base 3, what is -21200012000221 + -2?
-21200012001000
In base 12, what is -4 + 20413?
2040b
In base 3, what is -11101 - -102?
-10222
In base 13, what is -1 + 78a36?
78a35
In base 2, what is 0 - -10111001011100?
10111001011100
In base 16, what is aba - -e7?
ba1
In base 4, what is 231233100 + 2?
231233102
In base 15, what is -102a67 + 0?
-102a67
In base 9, what is 4 + 365528?
365533
In base 14, what is 56a6b + -5?
56a66
In base 11, what is -179265 + 4?
-179261
In base 13, what is 1 - 12717?
-12716
In base 11, what is -8 + -a33?
-a40
In base 13, what is a4c - -2?
a51
In base 3, what is 0 + -1211100002210?
-1211100002210
In base 14, what is -36c4 + 3?
-36c1
In base 5, what is -142 - 122220?
-122412
In base 10, what is -1 - -2243?
2242
In base 4, what is -21001 - 13103?
-100110
In base 3, what is -11100202112 + -12?
-11100202201
In base 9, what is -17 + -85317?
-85335
In base 2, what is -100 + 10000001111100010?
10000001111011110
In base 15, what is -11 - -17d03?
17ce2
In base 16, what is -3 - 249e0?
-249e3
In base 6, what is -51301021 + -5?
-51301030
In base 13, what is 19 + -a10?
-9c4
In base 7, what is 1 + -40020?
-40016
In base 3, what is 10 - 1222021221002?
-1222021220222
In base 13, what is 3 + 584b3?
584b6
In base 12, what is -9b26 + -30?
-9b56
In base 12, what is -14 - 108a?
-10a2
In base 11, what is 738a39 + 5?
738a43
In base 2, what is -101111 - -1011101100101?
1011100110110
In base 15, what is -6 - 465?
-46b
In base 11, what is 3589 - 16?
3573
In base 8, what is -2167 + -333?
-2522
In base 2, what is -10101 + -10100110000111000?
-10100110001001101
In base 16, what is 5 + -25fa?
-25f5
In base 16, what is 1 - 44e02?
-44e01
In base 16, what is 70 - -7f3?
863
In base 7, what is -55305 + 25?
-55250
In base 2, what is -100 + -11110011001?
-11110011101
In base 11, what is -5639 - 38a?
-5a18
In base 16, what is -6f + 5a?
-15
In base 6, what is -234325 - 1?
-234330
In base 6, what is -253240 - 10?
-253250
In base 6, what is 2432533 - -3?
2432540
In base 11, what is -4 + -138739?
-138742
In base 10, what is 41337 + 11?
41348
In base 16, what is -4e + 537?
4e9
In base 16, what is -678 + 1a?
-65e
In base 2, what is -101011 + -101100?
-1010111
In base 13, what is -276a23 + -2?
-276a25
In base 16, what is 1e - -3d6c?
3d8a
In base 12, what is 2b78 + 96?
3052
In base 8, what is -25 + 7053?
7026
In base 12, what is -750 + 12?
-73a
In base 8, what is -110 - -133476?
133366
In base 14, what is 7d - -3d8?
477
In base 9, what is 3 + 323374?
323377
In base 3, what is 2 - 11001101021?
-11001101012
In base 4, what is 13023330 + -20?
13023310
In base 8, what is 10 + -1424?
-1414
In base 10, what is 33 + -654?
-621
In base 6, what is -4 + -113133?
-113141
In base 9, what is 2 + -31885?
-31883
In base 13, what is 1a31 - -13?
1a44
In base 11, what is -134 - -35?
-aa
In base 12, what is -69 - -679?
610
In base 13, what is -6290 - 4?
-6294
In base 16, what is -85f8c - -2?
-85f8a
In base 3, what is -10100012101 + 20?
-10100012011
In base 13, what is 0 - -5451a?
5451a
In base 13, what is -29568 - 4?
-2956c
In base 7, what is 4366 + -1316?
3050
In base 7, what is -10 - 252?
-262
In base 11, what is -260 + 107?
-154
In base 9, what is -38 + 12156?
12117
In base 5, what is 12204 + -2131?
10023
In base 2, what is 1011110011 - 10011001?
1001011010
In base 4, what is -3 - 2101133?
-2101202
In base 11, what is -88 + 313?
236
In base 14, what is -14 - -d13b?
d127
In base 11, what is 0 - -39127?
39127
In base 13, what is 15bb0 - ab?
15b02
In base 4, what is -30113030 + 21?
-30113003
In base 14, what is -1c7 - b?
-1d4
In base 4, what is 122222223 + -10?
122222213
In base 14, what is d783d + -3?
d783a
In base 7, what is 2 - -510313?
510315
In base 2, what is -11010010 + -1001001?
-100011011
In base 3, what is 221 + 2201?
10122
In base 10, what is -2 + -305860?
-305862
In base 4, what is 21032213 + -11?
21032202
In base 13, what is 2 + 14977?
14979
In base 12, what is 612099 + 2?
61209b
In base 6, what is 5 - -5232044?
5232053
In base 10, what is 1567 + -2?
1565
In base 16, what is 5a - c3?
-69
In base 9, what is -30 + 2411?
2371
In base 7, what is 5434 - -65?
5532
In base 14, what is 1 - -52aa?
52ab
In base 3, what is 1010121211 - 120?
1010121021
In base 16, what is d176 + 8?
d17e
In base 8, what is -4647 + -3?
-4652
In base 15, what is 0 + 16e17?
16e17
In base 4, what is -3 + 122212311?
122212302
In base 12, what is -16a875 + -3?
-16a878
In base 10, what is -5 - -39916?
39911
In base 10, what is -27 - 70?
-97
In base 4, what is -200313333 - -232?
-200313101
In base 15, what is 266b - 9?
2662
In base 3, what is -10002222 - 10102?
-10020101
In base 8, what is 15120 - 115?
15003
In base 6, what is 3441 - 233?
3204
In base 13, what is 2 + a88a?
a88c
In base 15, what is -254 + -1c5c?
-1eb1
In base 2, what is 1011 + -11101001001111?
-11101001000100
In base 4, what is 3200221233 + -2?
3200221231
In base 13, what is -6b - 1201?
-126c
In base 15, what is 5 + -ee65b?
-ee656
In base 7, what is 25 + -12215?
-12160
In base 8, what is -113676 + 0?
-113676
In base 2, what is -1000011000 - -11011001100?
10010110100
In base 2, what is -1000010111101 - -1000?
-1000010110101
In base 14, what is -194ba - -4?
-194b6
In base 16, what is -1 + 2591b?
2591a
In base 12, what is -2b6 + 248?
-6a
In base 12, what is 206 + 87b?
a85
In base 10, what is -245 + -257?
-502
In base 12, what is -5 + -164b9b?
-164ba4
In base 15, what is eae - -5?
eb4
In base 15, what is 3 - 30820?
-3081c
In base 9, what is 4 - -56604?
56608
In base 13, what is -1 - -3828a?
38289
In base 3, what is 1120110 + -122?
1112211
In base 9, what is -4 - 43408?
-43413
In base 7, what is 45 + -5225?
-5150
In base 9, what is 183 + 86?
280
In base 13, what is -3 - -c583?
c580
In base 5, what is -22434404 + -12?
-22434421
In base 15, what is -55a - -a8?
-4a2
In base 12, what is 0 + -12859?
-12859
In base 3, what is -2112 + -100221202?
-101001021
In base 16, what is -179c20 - -4?
-179c1c
In base 12, what is 3 + -6416?
-6413
In base 13, what is 80c1 + -40?
8081
In base 8, what is 1200 + 442?
1642
In base 15, what is -3 + 39c7?
39c4
In base 6, what is 3 + 521440?
521443
In base 4, what is 23 - -2120002033?
2120002122
In base 3, what is -10 - -1122110101212?
1122110101202
In base 16, what is 2fff8 - 2?
2fff6
In base 11, what is -2224 + -337?
-2560
In base 13, what is -151c + 7b?
-1471
In base 8, what is 3 + -106251?
-106246
In base 7, what is -32 + -365?
-430
In base 2, what is 1011 + -111110111100?
-111110110001
In base 9, what is -4 - -2413?
2408
In base 4, what is 1313102 + 2?
1313110
In base 8, what is -62 + 127?
45
In base 6, what is -200 - 1442?
-2042
In base 10, what is 1211 + 869?
2080
In base 2, what is -100 - 101011011101111?
-101011011110011
In base 8, what is 154342 - -21?
154363
In base 16, what is 9 + -6bfb?
-6bf2
In base 9, what is -51 + 65155?
65104
In base 14, what is -29 - -a9c?
a73
In base 15, what is -1 - -75dcc?
75dcb
In base 15, what is 3d206 - 4?
3d202
In b